s divided by 121.
115
Let l = -12217 - -14549. Calculate the remainder when 6997 is divided by l.
1
Let t(w) = -48*w**3 - 64*w - 135. What is the remainder when t(-6) is divided by 15?
12
Suppose -179*q = -70*q - 21884 + 6951. Calculate the remainder when q is divided by 75.
62
Let r = 50418 + -50371. Let c = 87 - 61. What is the remainder when r is divided by c?
21
Suppose 0 = 33*p - 19*p + 42. Let r(w) = 45*w**2 + 5*w - 3. Calculate the remainder when r(p) is divided by 8.
3
Let i be (54 - 3) + (-1)/(3/(-9)). Suppose -4*y + c + 152 = 0, -2*y + i = 3*c + 2*c. What is the remainder when y is divided by 8?
5
Suppose -7*c = 4*c + 2*c. Suppose 2*l + f - 23 + 9 = 0, -5*l + 2*f + 35 = c. Suppose s + s = 80. Calculate the remainder when s is divided by l.
5
Let h = 172 - 18. Let z = 234 - h. Calculate the remainder when z is divided by 28.
24
Suppose 176*t = 186*t - 6980. Suppose x + 3*r = -r + 98, 2*r = 2*x - 146. What is the remainder when t is divided by x?
74
Let y = 43 + -19. Let o(x) = -x**2 + 28*x - 13. Let m(q) = q**3 - 6*q**2 - 27*q + 22. Let n be m(9). What is the remainder when o(n) is divided by y?
23
Let c(p) = -p**3 + 7*p**2 + 9*p - 2. Let d(q) = 56*q + 30*q**2 + 36 - 4 - 17 + q**3. Calculate the remainder when d(-28) is divided by c(8).
3
Let y(l) = 2*l**2 + 2*l + 7. Let p = 197 + -148. Suppose 4*i = -p + 97. Calculate the remainder when y(-5) is divided by i.
11
Suppose 166*x - 179778 = 52*x. Calculate the remainder when x is divided by 6.
5
Let s be 4 - 3 - (-3 + 0 + 0). Suppose s*r - r = 51. What is the remainder when 2 - (-1 + 7)*-19 is divided by r?
14
Let n be (-118)/3 + (-2)/(-6). Let i = 9 - n. Suppose 4*m = -f + i, -6*m + m + 43 = -3*f. What is the remainder when m is divided by 2?
1
Suppose -202 = -4*s - r + 3*r, 4*s - 5*r - 211 = 0. Calculate the remainder when -325*((-4)/30)/((-5)/(-45)) is divided by s.
47
Let h = 17890 - 17536. What is the remainder when h is divided by 77?
46
Let t = -1758 - -1913. What is the remainder when 2476 is divided by t?
151
Let p(q) = q**2 + q. Let i be p(0). Let z = 11 - 12. Calculate the remainder when ((36 - 1) + -2)/(i - z) is divided by 7.
5
Suppose 0 = -191*h + 193*h - 170. Suppose 0 = 4*y + l - h, 32 = 3*y + 4*l - 35. Calculate the remainder when 250 is divided by y.
19
Let y(j) = -4*j**2 - 104*j + 60. Calculate the remainder when 835 is divided by y(-26).
55
Let h = -19 + 20. Let u(z) = 8*z**2 + 5*z - 4. Let p be u(h). Suppose -p*t + 721 = -2*t. Calculate the remainder when t is divided by 35.
33
Let s = -2665 - -2670. What is the remainder when 508 is divided by s?
3
Let w(l) = -2*l**3 - 16*l**2 + 38*l + 17. What is the remainder when w(-10) is divided by 10?
7
Suppose 0 = 7*v + 157 - 192. Suppose 0 = -10*d + 5*d + 5, 0 = -4*m - 4*d + 72. What is the remainder when m is divided by v?
2
Let h(r) = r**3 + 7*r**2 + 7*r. Suppose -4*m = -3*z - 536 - 109, -2*m + 329 = 5*z. Calculate the remainder when m is divided by h(-5).
12
Suppose 4*x + 495 = 5*g, -454 = -4*g + 5*x - 49. Suppose 24*m + 3*u + g = 25*m, 0 = -4*u. Calculate the remainder when m is divided by 14.
11
Suppose -3*o - 12 = -67*x + 63*x, 4*x = 36. What is the remainder when 12 is divided by o?
4
Let h(x) = 2*x**2 + 9*x - 9. Let v be h(1). Calculate the remainder when (-2765)/(-105) + v/3 is divided by 1*(2 + 14) - 1.
12
Let h(x) = -x**3 - 16*x**2 + 15*x - 31. Let g be h(-17). Suppose 2*u - u = 0, -4*i - g*u = -88. Calculate the remainder when 40 is divided by i.
18
Let c = -8860 + 18986. Calculate the remainder when c is divided by 17.
11
Suppose -2*m = -m - 622. Suppose -4*u = -16, 3*u + 0*u = -2*s + m. Calculate the remainder when s is divided by 62.
57
Let z be (29/4)/((-6)/(-72)). Suppose h - 4*h + z = 0. Let l(o) = -o**3 - 10*o**2 - 11*o - 26. What is the remainder when l(-10) is divided by h?
26
Let a = -308 - -658. Suppose -91*c - a = -105*c. Calculate the remainder when 42 is divided by c.
17
Suppose -42*z = -430 - 5366. Calculate the remainder when z is divided by 22.
6
Suppose -2*o = -14, 992 = f + 2*o - 3952. What is the remainder when f is divided by 7?
2
Let k be 2/(-6) + (-51)/9. Let j be 3 + k - 10/(-5). What is the remainder when ((-2)/(-3))/(j/(-105)) is divided by 12?
10
Let z(h) = -3*h**2 - 7*h - 15. Let s be z(10). Let f = s + 540. Calculate the remainder when f is divided by 40.
35
What is the remainder when 34 is divided by (-9 - 11) + 8 - -24?
10
Let a = 30752 + -30723. Let v(w) = -139*w**3 + 2*w**2 + 2*w + 1. What is the remainder when v(-1) is divided by a?
24
Suppose -544 = -12*g + 1436. Let h = g + -107. What is the remainder when h is divided by 16?
10
Let g(t) = -15*t + 554. Calculate the remainder when 308 is divided by g(36).
0
Suppose 2614 = 4*y - 3*m, -22*m - 1314 = -2*y - 17*m. Let p = 674 - y. Calculate the remainder when 196 is divided by p.
20
Calculate the remainder when (-68)/85 + 754/5 is divided by 36.
6
What is the remainder when 18947 is divided by -15 - -19 - 2*(-3)/2?
5
Suppose -z - 800 = -5*c, -197 = -2*c - 3*z + 123. Let l = -7866 + 7920. What is the remainder when c is divided by l?
52
What is the remainder when (-5423 + -1)*(936/(-48) + 19) is divided by 15?
12
Suppose w - 3 = -4*q, -8 + 2 = 2*q. What is the remainder when ((-6)/(-15))/(2/970) is divided by w?
14
Let d = -47 + 81. Let h = d + 29. What is the remainder when 32 is divided by (h/(-7))/((-1 + 2)*-1)?
5
Let r = -18559 + 19760. Calculate the remainder when r is divided by 14.
11
Let x(u) = -2*u - 176. Let d(c) = -3*c + 1. Let f(k) = -3*d(k) + x(k). Suppose 0 = 2*i - 38 - 40. What is the remainder when i is divided by f(27)?
9
Let g(f) = -46*f**2 + 3*f - 8. Let c be g(-4). What is the remainder when 48 is divided by 6/57 - c/38?
8
Suppose -8 = g + 3*p - 0, 3*p = 2*g + 16. Let i be (-2)/g + ((-516)/16)/1. What is the remainder when 77 is divided by (208/i)/((2/(-4))/1)?
12
Let h be (-9)/9*6 + 105. Calculate the remainder when (2/(-7))/(h/(-25641)) is divided by 11.
8
Let y be ((-2)/6 - 1)*-9. Suppose -17 = -2*a + 2*l + 3, 0 = -2*a - 4*l + 50. What is the remainder when ((-292)/y)/((-2 - 4)/18) is divided by a?
13
Let k(o) = o**2 + 69*o + 1206. What is the remainder when k(-54) is divided by 187?
22
What is the remainder when 578 is divided by 7 + -5 + -12 - -107?
93
Let q(z) = 11*z**2 - 40*z + 36. Let l(j) = -4*j**2 + 14*j - 12. Let b(x) = -17*l(x) - 6*q(x). Calculate the remainder when 30 is divided by b(-4).
6
Let h = 10 - 8. Let l(f) = 4*f - 46. Let a be l(14). Calculate the remainder when h is divided by 4/a*(7 + 0 + -2).
0
Let h = -3099 - -3982. Calculate the remainder when h is divided by 5.
3
Let c(f) = -2*f - 11. Let l be c(-6). Let q(j) = 2*j + 1. Calculate the remainder when 1*-2*(-36)/6 + 1 is divided by q(l).
1
Let b(q) = -3*q + 8. Suppose 5*s + 3*w - 518 = 0, -18*w = -4*s - 16*w + 410. Calculate the remainder when s is divided by b(-6).
25
Let f(i) = -320*i + 844. What is the remainder when f(-2) is divided by 370?
4
Let r(y) = y**2 + 48*y - 280. What is the remainder when r(-73) is divided by 12?
9
Calculate the remainder when (0 - -14)*(4 + 3105/54) is divided by 296.
269
Let f be (-1)/5 + 8*(-2)/(-80). Suppose 33*b - 28*b - 220 = f. What is the remainder when 306 is divided by b?
42
Let n = 715 - 617. What is the remainder when n is divided by 77?
21
Let j = 355 + -409. Calculate the remainder when 42 is divided by ((-10)/((-60)/j))/(-1).
6
What is the remainder when (-1257260)/(-2294) - ((-120)/62 - -2) is divided by 104?
28
Let j = 4666 + -2252. Suppose 10*u = j + 376. Calculate the remainder when u is divided by 71.
66
Suppose -2*r - 31 = -11. Calculate the remainder when 306/4 - (-5)/r - 3 is divided by 19.
16
Let f be (-4)/((-1836)/450 - -1*4). What is the remainder when 311 is divided by (-105)/f + 2 + (-211)/(-10)?
17
Let n = 24 + -20. Let c = -50 - -69. Let i = c + 12. What is the remainder when i is divided by n?
3
Let o(y) = 307*y - 3351. What is the remainder when 5616 is divided by o(17)?
12
Calculate the remainder when ((-8)/(-6))/(8/3206*(-721)/(-618)) is divided by 87.
23
Suppose 0 = -o + 14*o - 78. Suppose 16*n - o*n - 230 = 0. Calculate the remainder when n is divided by 13.
10
Calculate the remainder when 675 is divided by ((-228)/30 - -8)/(-6 - (-751)/125).
25
Let n(a) = 265*a + 165